{"id":104,"date":"2025-04-23T20:29:35","date_gmt":"2025-04-23T18:29:35","guid":{"rendered":"http:\/\/agrokos.pl\/?page_id=104"},"modified":"2025-12-23T15:11:08","modified_gmt":"2025-12-23T14:11:08","slug":"104-2","status":"publish","type":"page","link":"https:\/\/agrokos.pl\/","title":{"rendered":""},"content":{"rendered":"<div class=\"wp-block-image\">\n<figure class=\"aligncenter size-full\"><img loading=\"lazy\" decoding=\"async\" width=\"1080\" height=\"608\" src=\"http:\/\/agrokos.pl\/wp-content\/uploads\/2025\/04\/Agrokos-farmpartner-cover-photo.png\" alt=\"\" class=\"wp-image-105\" srcset=\"https:\/\/agrokos.pl\/wp-content\/uploads\/2025\/04\/Agrokos-farmpartner-cover-photo.png 1080w, https:\/\/agrokos.pl\/wp-content\/uploads\/2025\/04\/Agrokos-farmpartner-cover-photo-300x169.png 300w, https:\/\/agrokos.pl\/wp-content\/uploads\/2025\/04\/Agrokos-farmpartner-cover-photo-1024x576.png 1024w, https:\/\/agrokos.pl\/wp-content\/uploads\/2025\/04\/Agrokos-farmpartner-cover-photo-768x432.png 768w, https:\/\/agrokos.pl\/wp-content\/uploads\/2025\/04\/Agrokos-farmpartner-cover-photo-600x338.png 600w\" sizes=\"auto, (max-width: 1080px) 100vw, 1080px\" \/><\/figure>\n<\/div>\n\n\n<div class=\"wp-block-group is-nowrap is-layout-flex wp-container-core-group-is-layout-ad2f72ca wp-block-group-is-layout-flex\"><\/div>\n\n\n\n<p class=\"has-text-align-center\">AGROKOS Katarzyna Napi\u0105tek to firma o wieloletniej tradycji. Jeste\u015bmy autoryzowanym dystrybutorem materia\u0142u siewnego firmy Farmsaat Polska. W naszej ofercie znajdziesz wysokiej jako\u015bci nasiona kukurydzy Farmsaat. Proponowane odmiany s\u0105 przez nas starannie dobrane, aby sprosta\u0107 wymaganiom nowoczesnego rolnictwa. Zapewniamy indywidualne doradztwo, profesjonaln\u0105 obs\u0142ug\u0119 i terminowe dostawy. Przek\u0142ada si\u0119 to przede wszystkim na obfite plony i zadowolenie naszych dotychczasowych klient\u00f3w. Wybieraj\u0105c Agrokos Katarzyna Napi\u0105tek, inwestujesz w rozw\u00f3j swojego gospodarstwa oraz przysz\u0142o\u015b\u0107 rolnictwa.<\/p>\n\n\n\n<div class=\"wp-block-columns is-layout-flex wp-container-core-columns-is-layout-9d6595d7 wp-block-columns-is-layout-flex\">\n<div class=\"wp-block-column is-layout-flow wp-block-column-is-layout-flow\">\n<h2 class=\"wp-block-heading\">Dane kontaktowe<\/h2>\n<\/div>\n<\/div>\n\n\n\n<div class=\"wp-block-columns is-layout-flex wp-container-core-columns-is-layout-9d6595d7 wp-block-columns-is-layout-flex\">\n<div class=\"wp-block-column is-layout-flow wp-block-column-is-layout-flow\">\n<div class=\"wp-block-columns is-layout-flex wp-container-core-columns-is-layout-9d6595d7 wp-block-columns-is-layout-flex\">\n<div class=\"wp-block-column is-layout-flow wp-block-column-is-layout-flow\" style=\"flex-basis:33.33%\">\n<p>Telefon<\/p>\n\n\n\n<p>Adres<\/p>\n\n\n\n<p>Poniedzia\u0142ek<br>Wtorek<br>\u015aroda<br>Czwartek<br>Pi\u0105tek<br>Sobota<br>Niedziela<\/p>\n<\/div>\n\n\n\n<div class=\"wp-block-column is-layout-flow wp-block-column-is-layout-flow\" style=\"flex-basis:66.66%\">\n<p><strong>+48 534 540 025<\/strong><\/p>\n\n\n\n<p><strong>ul. Szkolna 21, 89-632 Kosobudy<\/strong><\/p>\n\n\n\n<p><strong>8:00 &#8211; 18:00<br>8:00 &#8211; 18:00<br>8:00 &#8211; 18:00<br>8:00 &#8211; 18:00<br>8:00 &#8211; 18:00<br>8:00 &#8211; 13:00<\/strong><br><strong>Zamkni\u0119te<\/strong><\/p>\n<\/div>\n<\/div>\n<\/div>\n\n\n\n<div class=\"wp-block-column is-layout-flow wp-block-column-is-layout-flow\"><\/div>\n<\/div>\n","protected":false},"excerpt":{"rendered":"<p>AGROKOS Katarzyna Napi\u0105tek to firma o wieloletniej tradycji. Jeste\u015bmy autoryzowanym dystrybutorem materia\u0142u siewnego firmy Farmsaat Polska. W naszej ofercie znajdziesz wysokiej jako\u015bci nasiona kukurydzy Farmsaat. Proponowane odmiany s\u0105 przez nas starannie dobrane, aby sprosta\u0107 wymaganiom nowoczesnego rolnictwa. Zapewniamy indywidualne doradztwo, profesjonaln\u0105 obs\u0142ug\u0119 i terminowe dostawy. Przek\u0142ada si\u0119 to przede wszystkim na obfite plony i zadowolenie&hellip;&nbsp;<a href=\"https:\/\/agrokos.pl\/\" rel=\"bookmark\">Dowiedz si\u0119 wi\u0119cej &raquo;<span class=\"screen-reader-text\"><\/span><\/a><\/p>\n","protected":false},"author":1,"featured_media":0,"parent":0,"menu_order":0,"comment_status":"closed","ping_status":"closed","template":"","meta":{"_acf_changed":false,"neve_meta_sidebar":"","neve_meta_container":"","neve_meta_enable_content_width":"","neve_meta_content_width":0,"neve_meta_title_alignment":"","neve_meta_author_avatar":"","neve_post_elements_order":"","neve_meta_disable_header":"off","neve_meta_disable_footer":"off","neve_meta_disable_title":"off","footnotes":""},"class_list":["post-104","page","type-page","status-publish","hentry"],"acf":[],"_links":{"self":[{"href":"https:\/\/agrokos.pl\/index.php\/wp-json\/wp\/v2\/pages\/104","targetHints":{"allow":["GET"]}}],"collection":[{"href":"https:\/\/agrokos.pl\/index.php\/wp-json\/wp\/v2\/pages"}],"about":[{"href":"https:\/\/agrokos.pl\/index.php\/wp-json\/wp\/v2\/types\/page"}],"author":[{"embeddable":true,"href":"https:\/\/agrokos.pl\/index.php\/wp-json\/wp\/v2\/users\/1"}],"replies":[{"embeddable":true,"href":"https:\/\/agrokos.pl\/index.php\/wp-json\/wp\/v2\/comments?post=104"}],"version-history":[{"count":29,"href":"https:\/\/agrokos.pl\/index.php\/wp-json\/wp\/v2\/pages\/104\/revisions"}],"predecessor-version":[{"id":156,"href":"https:\/\/agrokos.pl\/index.php\/wp-json\/wp\/v2\/pages\/104\/revisions\/156"}],"wp:attachment":[{"href":"https:\/\/agrokos.pl\/index.php\/wp-json\/wp\/v2\/media?parent=104"}],"curies":[{"name":"wp","href":"https:\/\/api.w.org\/{rel}","templated":true}]}}